t of 4241?
1
What is the units digit of 10221?
1
What is the units digit of 10390?
0
What is the units digit of 32384?
4
What is the hundreds digit of 2071?
0
What is the units digit of 819?
9
What is the thousands digit of 4095?
4
What is the hundreds digit of 301?
3
What is the tens digit of 1662?
6
What is the hundreds digit of 4298?
2
What is the tens digit of 10423?
2
What is the ten thousands digit of 39134?
3
What is the hundreds digit of 23247?
2
What is the hundreds digit of 63460?
4
What is the tens digit of 44426?
2
What is the hundreds digit of 2052?
0
What is the hundreds digit of 1100?
1
What is the tens digit of 12649?
4
What is the units digit of 951?
1
What is the thousands digit of 4792?
4
What is the tens digit of 357?
5
What is the thousands digit of 5232?
5
What is the ten thousands digit of 42869?
4
What is the tens digit of 28813?
1
What is the thousands digit of 12823?
2
What is the tens digit of 3410?
1
What is the ten thousands digit of 24704?
2
What is the hundreds digit of 50512?
5
What is the hundreds digit of 1045?
0
What is the thousands digit of 53039?
3
What is the tens digit of 71168?
6
What is the tens digit of 1579?
7
What is the tens digit of 3143?
4
What is the units digit of 3542?
2
What is the units digit of 18813?
3
What is the tens digit of 14949?
4
What is the units digit of 603?
3
What is the thousands digit of 6813?
6
What is the units digit of 29264?
4
What is the hundred thousands digit of 134264?
1
What is the hundreds digit of 134?
1
What is the hundreds digit of 699?
6
What is the units digit of 58915?
5
What is the tens digit of 1420?
2
What is the tens digit of 8761?
6
What is the units digit of 57372?
2
What is the tens digit of 549?
4
What is the units digit of 655?
5
What is the hundreds digit of 19119?
1
What is the thousands digit of 6807?
6
What is the units digit of 273?
3
What is the tens digit of 519?
1
What is the hundreds digit of 434?
4
What is the ten thousands digit of 50954?
5
What is the hundreds digit of 24846?
8
What is the units digit of 32566?
6
What is the tens digit of 4839?
3
What is the units digit of 1364?
4
What is the units digit of 7511?
1
What is the tens digit of 6638?
3
What is the hundreds digit of 9500?
5
What is the thousands digit of 13558?
3
What is the units digit of 394?
4
What is the hundreds digit of 4656?
6
What is the thousands digit of 4318?
4
What is the thousands digit of 10598?
0
What is the thousands digit of 1569?
1
What is the tens digit of 4535?
3
What is the hundreds digit of 23978?
9
What is the units digit of 1936?
6
What is the ten thousands digit of 28543?
2
What is the hundreds digit of 15529?
5
What is the hundreds digit of 16216?
2
What is the units digit of 1421?
1
What is the units digit of 251?
1
What is the hundreds digit of 9187?
1
What is the units digit of 756?
6
What is the tens digit of 6369?
6
What is the units digit of 14143?
3
What is the thousands digit of 34731?
4
What is the tens digit of 102498?
9
What is the thousands digit of 69708?
9
What is the thousands digit of 4239?
4
What is the hundreds digit of 1246?
2
What is the units digit of 127296?
6
What is the thousands digit of 2390?
2
What is the hundred thousands digit of 109872?
1
What is the units digit of 2459?
9
What is the ten thousands digit of 12206?
1
What is the thousands digit of 3510?
3
What is the thousands digit of 142851?
2
What is the units digit of 6762?
2
What is the units digit of 4733?
3
What is the thousands digit of 9754?
9
What is the hundreds digit of 26406?
4
What is the tens digit of 81?
8
What is the tens digit of 24631?
3
What is the thousands digit of 3843?
3
What is the thousands digit of 60918?
0
What is the hundreds digit of 1436?
4
What is the units digit of 562?
2
What is the thousands digit of 10651?
0
What is the thousands digit of 1077?
1
What is the thousands digit of 14822?
4
What is the hundreds digit of 55478?
4
What is the hundreds digit of 12214?
2
What is the units digit of 33673?
3
What is the tens digit of 943?
4
What is the tens digit of 783?
8
What is the hundreds digit of 340?
3
What is the hundreds digit of 50623?
6
What is the units digit of 85?
5
What is the tens digit of 1743?
4
What is the tens digit of 19039?
3
What is the tens digit of 1295?
9
What is the hundreds digit of 316?
3
What is the units digit of 8?
8
What is the units digit of 8083?
3
What is the hundreds digit of 38426?
4
What is the tens digit of 1267?
6
What is the units digit of 71138?
8
What is the tens digit of 6721?
2
What is the units digit of 98?
8
What is the hundreds digit of 2014?
0
What is the units digit of 2016?
6
What is the units digit of 621?
1
What is the tens digit of 10588?
8
What is the units digit of 14326?
6
What is the tens digit of 18178?
7
What is the thousands digit of 19990?
9
What is the units digit of 52565?
5
What is the units digit of 117427?
7
What is the units digit of 5901?
1
What is the thousands digit of 76113?
6
What is the tens digit of 8702?
0
What is the ten thousands digit of 18762?
1
What is the thousands digit of 6646?
6
What is the units digit of 119?
9
What is the hundreds digit of 75315?
3
What is the tens digit of 1030?
3
What is the units digit of 2153?
3
What is the hundreds digit of 906?
9
What is the units digit of 9782?
2
What is the thousands digit of 3605?
3
What is the hundreds digit of 26413?
4
What is the units digit of 9164?
4
What is the thousands digit of 5758?
5
What is the thousands digit of 4745?
4
What is the units digit of 1479?
9
What is the tens digit of 186515?
1
What is the tens digit of 403?
0
What is the thousands digit of 9945?
9
What is the hundreds digit of 953?
9
What is the hundred thousands digit of 116709?
1
What is the hundreds digit of 646?
6
What is the thousands digit of 16938?
6
What is the thousands digit of 118221?
8
What is the hundreds digit of 12948?
9
What is the hundreds digit of 14703?
7
What is the hundreds digit of 1558?
5
What is the thousands digit of 2323?
2
What is the units digit of 3978?
8
What is the hundreds digit of 62764?
7
What is the hundreds digit of 4613?
6
What is the units digit of 873?
3
What is the thousands digit of 11503?
1
What is the hundreds digit of 8650?
6
What is the units digit of 356?
6
What is the tens digit of 185?
8
What is the hundreds digit of 20876?
8
What is the thousands digit of 12992?
2
What is the units digit of 300?
0
What is the tens digit of 657?
5
What is the hundreds digit of 122256?
2
What is the units digit of 66550?
0
What is the thousands digit of 22894?
2
What is the tens digit of 62?
6
What is the units digit of 7442?
2
What is the thousands digit of 18626?
8
What is the thousands digit of 5628?
5
What is the hundreds digit of 1537?
5
What is the thousands digit of 26942?
6
What is the tens digit of 159?
5
What is the tens digit of 1050?
5
What is the units digit of 494?
4
What is the hundreds digit of 194?
1
What is the hundreds digit of 3315?
3
What is the hundreds digit of 13184?
1
What is the hundreds digit of 6274?
2
What is the units digit of 1249?
9
What is the hundreds digit of 3620?
6
What is the hundreds digit of 1381?
3
What is the units digit of 312?
2
What is the tens digit of 1996?
9
What is the hundreds digit of 857?
8
What is the thousands digit of 7227?
7
What is the units digit of 5298?
8
What is the tens digit of 7756?
5
What is the tens digit of 842?
4
What is the thousands digit of 136074?
6
What is the hundreds digit of 179595?
5
What is the tens digit of 15798?
9
What is the tens digit of 69119?
1
What is the hundreds digit of 3186?
1
What is the hundreds digit of 2017?
0
What is the ten thousands digit of 14413?
1
What is the tens digit of 3902?
0
What is the tens digit of 879?
7
What is the tens digit of 23611?
1
What is the hundreds digit of 1844?
8
What is the tens digit of 13461?
6
What is the tens digit of 168?
6
What is the thousands digit of 45733?
5
What is the hundreds digit of 1482?
4
What is the thousands digit of 4672?
4
What is the hundreds digit of 11883?
8
What is the ten thousands digit of 74337?
7
What is the thousands digit of 2140?
2
What is the tens digit of 1513?
1
What is the thousands digit of 6686?
6
What is the units digit of 3626?
6
What is the thousands d